lculate the greatest common factor of 22 and u.
22
Let g = 270 + -486. Let i be 56/12*g/(-28). Calculate the greatest common divisor of i and 12.
12
Suppose 4860 = -233*o + 260*o. Calculate the highest common factor of o and 130.
10
Let c = 6 + -4. Let m(f) be the first derivative of f**3 - 2*f + 6. Let j be m(c). Calculate the greatest common factor of j and 40.
10
Let u be 1 + 15/(-21) - 693/(-147). Let r be (6/4)/((-6)/(-8)). Suppose 3*x = -5*b + 76, u*x = -b + r*b - 32. Calculate the highest common divisor of 136 and b.
17
Let o = 214 + -163. What is the highest common divisor of 3 and o?
3
Let v(o) = -o**3 - 11*o**2 - 25*o + 19. Let k be v(-8). What is the greatest common divisor of 6 and k?
3
Suppose -2*p - 2*x = -1912, -x - 2884 = -3*p - 0*x. Let h = p - 674. What is the greatest common factor of 26 and h?
26
Let o = 24 - 8. Let b(n) = -7*n**2 + 167*n + 48. Let d be b(24). What is the highest common factor of o and d?
8
Let s = 28 + -15. Suppose -s*b + 12*b = -9. Suppose 2*h - b - 45 = 0. What is the greatest common factor of 3 and h?
3
Suppose -5*l + 93 = 2*u + u, -2*l = -2*u - 34. Suppose -5*i = -l - 62. Calculate the highest common factor of i and 80.
16
Let v = 29 + -20. Let j be (60/8)/((-2)/12*-1). Calculate the highest common factor of v and j.
9
Suppose 3*a + 5 = -5*f + 2, -2 = 2*a + 5*f. Let s be 46*(a - 3/(-2)). What is the highest common factor of 23 and s?
23
Let b(t) = t + 5*t + t**2 - 8*t + 0*t. Let r be b(3). What is the greatest common factor of r and 9?
3
Let k be 4/12 + 60/9. Suppose 0 = -2*l + 1 + 9, h + 2*l - 45 = 0. Calculate the highest common divisor of k and h.
7
Let v be (-7)/(-14) + 261/18. Calculate the greatest common divisor of 85 and v.
5
Let c(o) = o**2 - 24*o + 142. Let l be c(8). Calculate the highest common factor of l and 217.
7
Let w = -145 - -153. What is the greatest common divisor of w and 344?
8
Let h(u) = 9*u**2 - 5*u - 6. Let t be h(2). Let z = -18 + 9. Let l be (-3)/(z/10)*3. What is the highest common divisor of t and l?
10
Suppose -x - 21 - 5 = -5*k, -2*x - 2 = 0. Suppose 10 = k*r + 5*a, 0*r - 3*r - 5*a = 2. Suppose u + 270 = r*u. What is the highest common divisor of 135 and u?
27
Let h(n) = -n**2 + 30. Let q be h(0). Let d be ((-48)/9 + 6)*(-90)/(-2). What is the greatest common divisor of d and q?
30
Let p be (3 + (-85)/10)/((-1)/54). What is the highest common factor of p and 11?
11
Suppose -4*s - 2*g + 7 = -23, -3*s + 22 = 2*g. What is the greatest common divisor of 76 and s?
4
Suppose 0 = -5*j - y + 14, -4 = -24*j + 21*j - 5*y. Suppose -z = -2*z - 2*p + 25, 0 = -4*p - 4. What is the greatest common divisor of j and z?
3
Suppose -2*r - 1238 = -2*y, 4*y - 680 - 1800 = 5*r. What is the greatest common factor of 30 and y?
15
Let j(p) = -2*p**2 + 23*p + 13. Let i be j(10). Let l = i + 20. Let b(m) = m - 1. Let n be b(8). Calculate the greatest common divisor of l and n.
7
Let u(c) = 3*c + 17. Let n be u(6). Suppose -3*b = -4*l + 28, 0*b + n = 5*l + 4*b. What is the highest common factor of l and 21?
7
Let c be (-1)/(1/(-1))*24. Let v(u) = -u**3 - 8*u**2 - u - 2. Let s be 5/20*0 + -8. Let p be v(s). What is the highest common divisor of c and p?
6
Let u(v) be the first derivative of 32*v**3/3 - v**2 + 43. Let m be u(1). Let s be ((-12)/5)/(2/(-125)). What is the highest common divisor of s and m?
30
Suppose -5*k + 0 + 10 = 0. Let h be ((-92)/(-32)*4)/(1/k). Calculate the highest common divisor of h and 23.
23
Let i(d) = 4*d**2 + 18*d + 2. Let r be i(-5). Suppose -63 = -3*h - r. What is the highest common factor of 119 and h?
17
Let r(u) = 2*u - 8. Let i be r(10). Suppose z = -z + i. Let v = 13 - z. What is the highest common factor of 56 and v?
7
Suppose 0 = d + 5*s - 55, -d - 14*s + 67 = -12*s. What is the greatest common divisor of d and 135?
15
Let u be -56*((-1)/(-4))/(5/20). Let s be 8/u + 71/7. What is the highest common factor of s and 70?
10
Let k(u) = 2*u**2 + 4*u - 4. Let w be k(-3). Suppose m + w*r - 200 = 0, -2*m + 0*r + 400 = -2*r. What is the greatest common factor of 80 and m?
40
Let m(x) = 3*x**2 + 22*x - 57. Let d be m(-15). Calculate the greatest common factor of 32 and d.
32
Suppose -a + 46 = 4*g, 71*g + 5*a = 75*g - 58. Calculate the highest common factor of g and 30.
6
Let d be (-6)/(((-21)/28)/((-3)/(-3) - -2)). Let x be ((-18)/4)/(6/(-40)). Suppose 0*s = 3*g + 3*s - x, -s = 2. Calculate the highest common divisor of d and g.
12
Let p be (3/5)/(66/220). Suppose 3*j = -j + 4*m + 88, 0 = -p*m - 8. Calculate the greatest common divisor of j and 6.
6
Let w(j) = j**3 + j**2 + 17. Let q be 3 - 4/(-12)*0. Suppose -q*u = 2*u. Let t be w(u). What is the highest common factor of 68 and t?
17
Let s be -35*(-7)/(196/24). Let y = s - 9. What is the greatest common factor of 231 and y?
21
Suppose 3*j - 20 = 2*a + 5, 0 = -4*a + 16. Suppose -3*k + 4*k + 5*v - 3 = 0, 5*v - j = -2*k. Calculate the greatest common factor of k and 8.
8
Suppose -2*j + 32 + 278 = 4*r, 3*j - 390 = -5*r. What is the greatest common factor of r and 350?
25
Let o = 585 + -521. Calculate the greatest common divisor of o and 928.
32
Suppose 5*n + 3*i = 228, 0*n - 43 = -n + 2*i. Let t = -10 + n. Calculate the highest common factor of t and 7.
7
Let a(q) = -4*q**2 + 2. Let c be a(2). Suppose j + 1 = y, y + 2*y = -j - 17. Let b = j - c. What is the highest common divisor of 36 and b?
9
Let v be -6 + 1503/27 + 4/(-6). Calculate the highest common divisor of 343 and v.
49
Suppose -f + 11*u + 11 = 13*u, 3*u = -6. Suppose -k + 123 = -12. What is the greatest common divisor of k and f?
15
Suppose 835*x = 831*x + 420. Calculate the highest common factor of 9 and x.
3
Let p(r) = -r + 79. Let g be p(55). Let t(s) = 5*s**2 - 9*s + 10. Let l be t(7). What is the highest common divisor of g and l?
24
Suppose 4*x = -2*x + 768. Suppose y - 5*y = -x. Calculate the greatest common factor of y and 80.
16
Let m be ((-6)/(-5))/((-4)/(-10)). Let y(z) = m*z - 6 + z - z + 0*z. Let c be y(5). Calculate the highest common factor of c and 99.
9
Suppose -8*v + 150 = 110. Calculate the greatest common factor of v and 8.
1
Let d(f) = 2*f**2 - 7*f. Let j be d(7). What is the greatest common divisor of 7 and j?
7
Let m(g) = -g + 15. Let l be m(0). Let d(r) = r - 1. Let x be d(-5). Let h be (-38)/x - 2/6. Calculate the greatest common divisor of h and l.
3
Let y = 1439 - 603. What is the greatest common divisor of y and 57?
19
Let l(y) = -y + 11. Let n be l(12). Let d be (3 - 2)*(-23)/n. Calculate the greatest common divisor of 253 and d.
23
Suppose 2*i = -3*i + 85. Let d(t) = -4*t - 8. Let q(l) = l. Let h(v) = -d(v) - 20*q(v). Let y be h(-8). What is the greatest common divisor of y and i?
17
Let v(w) = 8*w - 86. Let l be v(11). What is the greatest common factor of l and 27?
1
Let b = -2109 + 2119. Calculate the highest common factor of 2570 and b.
10
Let y = 210 + -43. Let u = -117 + y. Suppose -14*b + 1048 - 908 = 0. What is the highest common divisor of b and u?
10
Suppose 28*b - 34*b = -132. Suppose 26*f - b*f = 136. Suppose -5*y - 8 = -93. Calculate the greatest common divisor of y and f.
17
Let d be (-6)/(-45) - 11724/180. Let o = d + 71. What is the greatest common divisor of 54 and o?
6
Suppose -2*f + 0 = -4. Let p be 3/(19/12 + (-16)/12). What is the highest common factor of p and f?
2
Suppose -r + 0 = -4. Suppose r*u - 50 = 10. Suppose 0 = 4*j - 16, -q + j + 206 = q. Calculate the highest common divisor of q and u.
15
Suppose 0*t - 2*t = 2*d - 42, d - 5*t + 9 = 0. Suppose -8*g + 205 + 3 = 0. Let i = g - d. Calculate the highest common factor of 10 and i.
10
Suppose -2*z + 32 = -0*z. Let q = z - 8. Let l = q + 1. Calculate the greatest common divisor of l and 63.
9
Let a be 2/13 + 7106/(-221). Let g = a + 37. Let x = 13 - g. What is the greatest common divisor of x and 40?
8
Let p(q) = -q**3 - 8*q**2 + 18*q + 34. Let n be p(-16). What is the highest common factor of n and 13?
13
Let d(k) = 15*k. Suppose 0 = -2*f + 6*f. Suppose f = -y + 5*y - 32. Let o be d(y). What is the greatest common divisor of 15 and o?
15
Let z be 4 - ((-6 - 169) + -5). Calculate the greatest common factor of 8 and z.
8
Suppose 3*a - 304 = 5*p, 0 = -a + 3*p - 40 + 136. Let q be 10/(-35) - (-886)/14. Let n be (-14 - 1)*q/(-35). What is the greatest common fact